hat is -1 + 2 + (3 - -5) + -4?
5
What is (8 - (-9 + 2 + 7)) + -2?
6
Evaluate 3 - (-6 + 14 - 8).
3
What is the value of (1 - (-2 + 2 + -1)) + -5?
-3
Calculate 5 + -8 + 11 + -6 + -1.
1
-7 - (3 + -8 - -1 - -2)
-5
1 - (12 - (-5 + 18))
2
What is 7 + -2 + (-10 - -6)?
1
What is -4 + 10 + 0 + -2?
4
Evaluate (-6 - -10) + -1 + -4.
-1
-1 - ((-5 - 0) + 5)
-1
Calculate -2 - (-1 + -1 + -11 + 5).
6
Evaluate -45 - -45 - (4 + -1) - -5.
2
What is the value of -6 - (-15 - 2 - (7 + -11))?
7
What is the value of (-1 - 5) + 2 + 3 - -5?
4
What is 17 + -17 - (1 + -2 + -4)?
5
Evaluate 14 + -6 + (-1 - 2).
5
Calculate -48 - -54 - (-2 + 1).
7
Evaluate -9 - (12 + -18) - (0 + 2).
-5
Calculate -5 + 5 + -5 + 3.
-2
What is 2 - (3 + (-4 - -1))?
2
What is the value of 3 + (3 - 8) + 7?
5
Evaluate -1 + (4 - 4) + 6.
5
Calculate -5 - (0 + -1 + (-1 - -3)).
-6
What is 2 - (2 - (1 - -4))?
5
Calculate (-6 - (1 + -3)) + -1 + 5.
0
Evaluate -3 - ((-5 - -2) + -5 + 6).
-1
Evaluate -12 + 1 - (-75 + 69).
-5
(-2 - -2) + 3 + -9 + 6
0
Calculate 0 + (0 + 1 - 2 - -4).
3
Calculate 0 - (1 + 1) - 0.
-2
What is the value of 12 + -9 + -4 + -2?
-3
-2 - 3 - (3 + -3)
-5
0 + (-5 + 4 - 1)
-2
What is -2 + -4 - -2 - (-6 - -2)?
0
What is the value of (0 - -5) + 1 + -3?
3
Calculate (6 - 0) + (0 - 1) - 12.
-7
Calculate (4 - (-1 - -8)) + 2.
-1
What is -4 + -3 + 0 + (18 - 11)?
0
1 + -4 - (8 + -9) - 2
-4
What is the value of (-1 - (0 + -2)) + (1 - -1)?
3
Evaluate -11 + (2 - (-14 - -7)).
-2
Evaluate (5 - 0) + 22 + -32.
-5
Evaluate 0 + -1 + 2 + (-22 - -22).
1
What is the value of -6 - (-5 + (-3 - -5))?
-3
Calculate (-2 - -5) + (-10 - -8).
1
What is 2 - (1 + (5 - 7))?
3
Calculate 5 + (0 - 1 - 4).
0
What is 0 - 3 - 1 - (-24 - -17)?
3
-21 + 25 + -2 + -9 + 0
-7
What is the value of 5 - (-2 - -2) - (9 + -7)?
3
What is (0 - (-2 + 1 + 0)) + -4?
-3
What is 9 + (-7 - (6 + -7))?
3
-23 + 16 - (1 + -7)
-1
Calculate 3 + (1 - -3) + -8 - 1.
-2
What is the value of 6 + 2 + -1 + -3 + 6?
10
-9 + 8 + -1 + 0 + 2
0
What is -6 + ((1 - 14) + 5 - -6)?
-8
Evaluate 14 - (1 - -3) - 4.
6
What is -6 + 6 + 2 + 2?
4
What is -3 - (-7 - (-3 + 2))?
3
What is the value of -5 + 1 + 13 + -10?
-1
Evaluate 2 + -4 - (-4 + 2).
0
Evaluate 4 + 5 + (-8 - -4) + 2.
7
What is the value of (9 - (19 - 5)) + 10?
5
What is the value of -4 - ((8 - 5) + -9 - -5)?
-3
Evaluate 4 - (-7 - -5) - 0.
6
Calculate (-2 - 11 - 1) + 10.
-4
What is the value of (-3 - 2 - -9) + -2 + 5?
7
12 - (4 - (-5 + 2))
5
Evaluate 2 - (-5 - -1) - (234 + -230).
2
Evaluate 2 + 1 + 4 + -2.
5
-13 + 17 + -3 + 1 + 0
2
Calculate -6 - (0 - (8 - 4)).
-2
Evaluate -12 + 10 + (4 - (5 + 2)).
-5
What is -8 + -3 + (15 - 8)?
-4
Calculate -4 + (3 - 6 - -3).
-4
Evaluate -1 + -2 - (-3 + 1 + -3).
2
Evaluate 0 + 6 + (2 - 2 - 4).
2
What is 13 + (7 - 18) - 7?
-5
-4 - (1 - (22 - 10))
7
Evaluate 3 - (0 - (2 + -2)).
3
(-2 - 1) + (3 - (2 - 2))
0
-1 + 1 - (1 - 6)
5
What is the value of 6 - (2 + 6 + -3)?
1
(-72 - -73) + (-2 - -5)
4
Evaluate -7 - -3 - -4 - 6.
-6
Calculate -3 + 9 + (6 - 15).
-3
What is the value of 0 - (-8 - (2 + -3 - 2))?
5
What is the value of 9 + -8 + (7 - 10)?
-2
-1 + -1 - (7 + -8)
-1
What is the value of 2 + 3 + (6 - 17) + 6?
0
What is 1 - (9 + (-4 + 8 - 8))?
-4
Evaluate -1 + -4 + (2 - -4).
1
Evaluate 12 + -18 - (-4 - -1 - 7).
4
(4 - (3 + -3 - 3)) + -3
4
What is -2 + (2 - (1 - -2)) - -5?
2
Calculate -2 - (4 - 6 - 0).
0
Calculate -2 - (-12 + (11 - 2)).
1
28 + -12 - (12 - 2)
6
What is the value of 5 + 0 + -136 + 138?
7
What is the value of 9 - (-6 + 3 + (8 - 1))?
5
Evaluate 8 + 4 + -6 - 3.
3
What is the value of -4 + (9 - 0) - 4?
1
Evaluate 7 + -6 + -6 + 10.
5
Evaluate 5 + 3 - 5 - 3.
0
Calculate -7 - (3 + -14 + 4).
0
What is -1 + 2 + -1 + (0 - -1)?
1
Evaluate (-2 - -18 - 10) + -7.
-1
What is the value of -2 - (-7 + 2 - (0 + -3))?
0
(-1 + 4 - 7) + 4
0
What is the value of (1 - (-1 - -3)) + -6 + 2?
-5
-2 - -6 - (-11 - -10)
5
What is the value of -10 + 1 - (52 + -59)?
-2
What is the value of -23 - (-21 + 11) - -13?
0
0 - (-1 + 2 - (14 - 11))
2
Calculate 4 + 0 + -3 - (3 + -3).
1
What is (-16 - -14) + 0 + 1 + 7?
6
What is (-6 - -18) + (-13 - -3)?
2
Calculate 15 - (7 - (-6 + 6 + 1)).
9
Evaluate -3 + 13 + -2 + -4.
4
Evaluate -4 - -6 - 2 - 2.
-2
What is the value of 0 + 2 + 3 - 0?
5
Evaluate 6 + 9 + -16 - (0 - -3).
-4
What is (-15 - -30) + 2 + (-10 - -1)?
8
Calculate (-4 - -4) + 8 - 6.
2
What is -1 + (1 - -3) + 0 + 0?
3
Evaluate (-10 - -2) + -1 + 0 + 3.
-6
Evaluate -3 - (-36 - -40 - (3 + 1)).
-3
Calculate -3 + -1 - -3 - 4.
-5
Evaluate -2 + (4 + -3 + -2 - -4).
1
4 + (-5 - -1 - -2) + -1
1
What is the value of 9 + -8 + -1 + 1 + -2?
-1
(-4 - (4 - 1 - 4)) + 3
0
What is the value of -3 - (1 + -4 + (-5 - -9))?
-4
Calculate -6 - (1 + -5) - -2.
0
Evaluate (3 - (4 - -4)) + 3 - -4.
2
Evaluate 6 + -11 + 3 + 0.
-2
(4 - -2 - 5) + (-3 - 0)
-2
3 - (6 - 6) - (-1 + 1)
3
What is the value of 1 - (2 - (9 - 4 - 6))?
-2
Evaluate 15 + 5 + -13 - (-1 + 7).
1
-8 + -4 + 12 + (-1 - 4)
-5
-3 + 1 + 2 - (9 - 12)
3
What is the value of (-4 + 1 - -2) + -3?
-4
What is the value of (4 - -3) + (4 - 9)?
2
Evaluate 19 + -1 + -5 + -7.
6
12 - (-3 - (-5 - 18))
-8
Evaluate -24 - -29 - (8 - -1).
-4
Calculate -1 - (-4 + 8 + -5 - -2).
-2
(-24 - -21 - (-8 - -1)) + -4
0
What is 2 - (2 + -1 + 10 + -4)?
-5
(1 - 0) + -1 + -2 + -3
-5
3 + (0 - -3) + -1
5
What is the value of 0 + (2 - (-6 - -4))?
4
-4 - (0 + 4) - -16
8
Calculate (-2 - -1) + 9 + 3 + -6.
5
1 + (-10 - (-2 + -11))
4
What is the value of (3 - 8) + 7 + 2?
4
What is (1 - 0) + (-8 - (-10 - -6))?
-3
Evaluate 3 + -4 + -1 + 3.
1
Evaluate -1 - (4 + (-4 + 0 - 3)).
2
11 - 17 - (-4 + -2)
0
-4 - (-1 + 1 + -8)
4
-5 - (-13 - -8 - -2)
-2
-4 - (1 + -2) - (115 + -120)
2
0 + -11 + (4 - -2)
-5
2 + -1 + -2 + 0
-1
7 - (0 - (1 + -5 + 0))
3
What is -9 + -5 + -6 + 12?
-8
What is the value of (-5 - (-3 + 3)) + 7?
2
Calculate 35 - 43 - (2 - 7).
-3
What is the value of -1 + (-3 - (2 + -8))?
2
Calculate 4 - 2 - (1 + (-5 - -7)).
-1
Calculate (-1 - -1 - 0) + (2 - 4).
-2
4 + (-9 - -11 - 10)
-4
Calculate (0 + -1 - -9) + -2 - 1.
5
What is the value of -2 + -9 + 5 + (3 - 2)?
-5
-8 - (2 + 1 + -9 + 3)
-5
What is 3 + -1 + -2 + (9 - 8)?
1
What is the value of -4 - (-9 + (1 - (0 + -4)))?
0
Calculate -4 - (1 + -5) - 1.
-1
What is 0 - (5 - 3 - (3 + 0))?
1
-5 + ((4 - 2) + 2 - 3)
-4
What is -3 + -3 - (-1 + 1) - 0?
-6
Evaluate -1 + (-7 - -8) + 5 + 0.
5
-12 - -2 - (-26 - -18)
-2
-1 + (-5 - -1 - -5)
0
Evaluate (-1 - 2) + 27 + -14.
10
Calculate -9 - (3 - 18) - 13.
-7
Evaluate 1 - 0 - -5 - (1 + 1).
4
7 - (-9 + 9 + -4)
11
What is the value of -1 + (2 - -2 - 7) + 4?
0
Evaluate (8 - 1 - (10 - 4)) + -1.
0
Calculate -1 + (-8 + 3 - -4).
-2
What is the value of -3 + -9 + 13 + 3 + -6?
-2
What is the value of -1 + 0 + -5 + 7?
1
15 + -9 - 1 - 3
2
What is the value of ((-4 - -4) + 3 - 3) + -5?
-5
-13 - -3 - (-3 - 0)
-7
What is the value of -7 + 3 - (-10 + 2) - 2?
2
0 + (-5 + 3 - 0)
-2
What is (3 - (2 - -4)) + 1 + 6?
4
(6 - 1) + (1 - 2 - 1)
3
5 - (-6 + 8 + 1)
2
Evaluate (-36 - -40) + (1 - 8) - 3.
-6
10 + -2 + -7 + 5
6
What is the value of 8 + -8 + -4 + 5 + 5?
6
What is the value of (0 - 3) + (3 - 11) + 5?
-6
Calculate -46 + 48 - (1 - (1 + -1)).
1
What is the value of 27 + -26 - (3 - -1)?
-3
1 + (1 + -4 - -5) + 2
5
Evaluate 2 + -3 - (5 + (-5 - -3)).
-4
What is -3 + 1 + (1 + 1 - -2)?
2
What is the value of (9 - 3) + 0 + -3 + 1?
4
Calculate 1 - 18 - (46 + -55).
-8
(1 - -5) + (-13 - -5) + 7
5
What is the value of -5 + -1 + 4 - -4 - -1?
3
What is 1 + (2 - 11) + 7?
-1
Evaluate -1 - 2 - ((-10 - -5) + 4).
-2
Calculate (-8 - (-1 + -11)) + (4 - 1).
7
Calculate 0 - (5 - 7) - (2 + 3).
-3
Calculate 7 - (5 - (6 + (-8 - -1))).
1
Evaluate 3 - (-3 + 4 + -2) - 9.
-5
Evaluate (-3 - 9) + 15 - -4.
7
What is (-45 - -53) + 1 + -17 - 1?
-9
What is the value of 15 - 10 - (11 - -2)?
-8
-13 + 10 + (2 - 1)
-2
-3 + (0 - (3 + -6))
0
What is the value of (29 - 31) + (1 - 0)?
-1
-2 + 1 - (3 - 4 - 1)
1
What is the value of -3 - (20 + -6 + -23)?
6
Evaluate 4 + -2 + 4 + -1.
5
What is the value of (4 + 5 - 5) + -4?
0
-2 + (-12 - -7 - -8) - 2
-1
What is the value of (5 - 11 - -2) + 3 + -4?
-5
Calculate (-3 - -1) + -8 + 13.
3
Evaluate 3 + -1 + 3 + 0.
5
Evaluate 1 + (3 - (6 + -1)).
-1
3 + -7 + 7 + -3
0
What is the value of (2 - (2 + 8 - 5)) + 7?
4
4 + -4 + 0 - -4 - 8
-4
Calculate -6 + (-2 - -15)